In base 10, what is -148 - 1142037?
-1142185
In base 3, what is -11111012000211 - -1?
-11111012000210
In base 12, what is -1a2b + -2254?
-4083
In base 5, what is -342 - 1401343230?
-1401344122
In base 9, what is -53 - -13244165?
13244112
In base 3, what is 2120201202022 + 1001?
2120201210100
In base 9, what is 128164314 + -2?
128164312
In base 2, what is -1111100100110 + 1110100010001000?
1100100101100010
In base 13, what is -2 - 253c334?
-253c336
In base 5, what is 11010141230 - 0?
11010141230
In base 8, what is -32333 - -1602?
-30531
In base 4, what is -2021011112 - -13?
-2021011033
In base 8, what is 14470775 + 6?
14471003
In base 10, what is 3 - 5863458?
-5863455
In base 9, what is 275576733 + -4?
275576728
In base 3, what is -120110221021 + -1011?
-120110222102
In base 8, what is -12 - -3476610?
3476576
In base 4, what is 100031022002 - 0?
100031022002
In base 7, what is -164222452 + -36?
-164222521
In base 9, what is 2620 + 1214?
3834
In base 14, what is -43489ba - -5?
-43489b5
In base 9, what is 147817834 - 14?
147817820
In base 8, what is -51037073 + -4?
-51037077
In base 13, what is -43a999a - -9?
-43a9991
In base 9, what is 1 - -7101053?
7101054
In base 7, what is 61 + -233121?
-233030
In base 15, what is -191 + 8ab7?
8926
In base 12, what is -14 - 5800024?
-5800038
In base 12, what is -146a210 + -3?
-146a213
In base 6, what is -34 + 12403414?
12403340
In base 7, what is 411251614 - -15?
411251632
In base 3, what is 1011120212020 + -1?
1011120212012
In base 12, what is 753b - -34ba?
aa39
In base 15, what is 6 + -1ac2?
-1abb
In base 6, what is 50052303 + 2?
50052305
In base 12, what is -51306 + a4?
-51222
In base 10, what is 63 - 116622?
-116559
In base 10, what is 2 - 23119315?
-23119313
In base 12, what is 2b42956 - -34?
2b4298a
In base 5, what is -4000 + 41424313?
41420313
In base 16, what is 2fbbd1 - 4?
2fbbcd
In base 12, what is -6a5aa + -a75?
-6b463
In base 10, what is -3 - -118687864?
118687861
In base 14, what is -1 - -bb675c1?
bb675c0
In base 4, what is -122 + -100331222302?
-100331223030
In base 4, what is -1201020101 - -3?
-1201020032
In base 16, what is -bce07 + -b6?
-bcebd
In base 5, what is -1403303 + -1034213?
-2443021
In base 12, what is 3230b + 40?
3234b
In base 15, what is 879a3a9 - 8?
879a3a1
In base 3, what is 12 - -212220222001221?
212220222002010
In base 4, what is 23310301303 - -1012?
23310302321
In base 12, what is -3b37 + -37b3?
-772a
In base 5, what is 442404314 + -2?
442404312
In base 8, what is 152300 + -1533?
150545
In base 13, what is 51a299 - 31?
51a268
In base 12, what is 10 + -1188?
-1178
In base 4, what is 202103230 + 32023?
202201313
In base 4, what is 11323210 + -21203?
11302001
In base 4, what is 33111233222123 + -3?
33111233222120
In base 9, what is 3878346 - -80?
3878436
In base 16, what is -646 + 21fb9?
21973
In base 3, what is -12102120002111000 - -2?
-12102120002110221
In base 14, what is -125084b + -5?
-1250852
In base 12, what is -50b89 + -29?
-50bb6
In base 4, what is -11 + 110321311033?
110321311022
In base 6, what is -231 + -302242?
-302513
In base 8, what is -16 + -1403007?
-1403025
In base 9, what is 263734 + -2022?
261712
In base 15, what is -4 + -b86bc22?
-b86bc26
In base 16, what is 4 - -67dee?
67df2
In base 9, what is 54 - -51501?
51555
In base 8, what is -6722 + 140264?
131342
In base 16, what is 14fc7 + 299?
15260
In base 14, what is 48414d - -64?
4841b3
In base 2, what is 10 - -111000100111001101101?
111000100111001101111
In base 13, what is -1000c9a + 6?
-1000c94
In base 3, what is 12021021021200 + 1?
12021021021201
In base 16, what is -ceb6b - 256?
-cedc1
In base 4, what is 322032103131 - -11?
322032103202
In base 13, what is -2985b3 - -41?
-298572
In base 5, what is -4244022 - 32?
-4244104
In base 7, what is -112 + -2145562?
-2146004
In base 5, what is -40134 - -10140324?
10100140
In base 4, what is 330130330 + 1?
330130331
In base 9, what is 10 + -351714?
-351704
In base 7, what is -601006 - -143?
-600533
In base 2, what is -11111001001101110001001 + -111?
-11111001001101110010000
In base 11, what is 12639 - 3807?
9932
In base 13, what is -5a8cb6a + 5?
-5a8cb65
In base 4, what is 12321003313 + 31?
12321010010
In base 12, what is -1b159b4 - 5?
-1b159b9
In base 6, what is -434503051 - 1?
-434503052
In base 10, what is -2133 + 188073?
185940
In base 10, what is -4 - -674235?
674231
In base 5, what is -33303 - 110201021?
-110234324
In base 7, what is 4 + 1141016243?
1141016250
In base 15, what is 4 - -2bddb1?
2bddb5
In base 13, what is 1a7a + -33b1?
-1634
In base 4, what is -3031123112 - 0?
-3031123112
In base 8, what is 7 + -377045145?
-377045136
In base 15, what is -1700d + 7cd?
-16730
In base 8, what is -317653 + -1244?
-321117
In base 16, what is 1214 + -2eb?
f29
In base 8, what is 207160374 + -5?
207160367
In base 2, what is -1010101 - 100001101000?
-100010111101
In base 10, what is -207 - 2631?
-2838
In base 10, what is 1560904775 + -4?
1560904771
In base 15, what is -1143b + -aed?
-12039
In base 15, what is -166 - 19997?
-19b0d
In base 6, what is 1134355305 - 2?
1134355303
In base 9, what is -572108 - -35?
-572063
In base 9, what is -5 + 4118506?
4118501
In base 6, what is -35 - -154504125?
154504050
In base 11, what is -4604a58 - 83?
-4605030
In base 7, what is -2 - 24336651?
-24336653
In base 8, what is -134530156 + 5?
-134530151
In base 10, what is -1328661 + 0?
-1328661
In base 15, what is -54 - -125d6?
12582
In base 15, what is 217e8 - 153?
21695
In base 8, what is -341163167 - 2?
-341163171
In base 12, what is 97a - 8b2b5?
-8a537
In base 10, what is -4 + -1974309?
-1974313
In base 5, what is -13440244322 - 0?
-13440244322
In base 8, what is -6466600 + -1375?
-6470175
In base 4, what is -2232132310 + -2?
-2232132312
In base 5, what is 1230032 + -14104?
1210423
In base 2, what is 10100100 - -1110010101000111110100?
1110010101001010011000
In base 6, what is 23 - 4145542?
-4145515
In base 5, what is 10 + 21233013422?
21233013432
In base 5, what is 440114 - 1021?
434043
In base 4, what is 11 - 11022100130?
-11022100113
In base 13, what is 8b3c08 + 5?
8b3c10
In base 8, what is -2 - 7346760?
-7346762
In base 12, what is -35999 - 401?
-3619a
In base 13, what is -1c1 + 48a?
299
In base 2, what is -101101000010001011 - 10010101010?
-101101010100110101
In base 15, what is 1 + -d703dda?
-d703dd9
In base 15, what is 5 + -22083ee?
-22083e9
In base 4, what is -1 + 1200311320?
1200311313
In base 16, what is -1118 + -9342?
-a45a
In base 15, what is a0e3 + 2e47?
d03a
In base 11, what is 101a53428 - 4?
101a53424
In base 3, what is -10202121211122 - 10?
-10202121211202
In base 7, what is 5342126 + -63?
5342033
In base 15, what is 2 + -8b5d93?
-8b5d91
In base 10, what is -37 - -315929?
315892
In base 6, what is -12 + -1254225335?
-1254225351
In base 10, what is 53665 - 440?
53225
In base 8, what is -4261736 + -252?
-4262210
In base 11, what is -21 - a05301?
-a05322
In base 2, what is 10010 - 110011001001000110?
-110011001000110100
In base 8, what is -156466233 + 1?
-156466232
In base 13, what is 8c08 + -c88?
7c50
In base 5, what is 4 + 2020344302?
2020344311
In base 8, what is -35747364 + 5?
-35747357
In base 15, what is b885e9 + 5?
b885ee
In base 12, what is 83a26 + 428?
84252
In base 9, what is 24531 - -6027?
31558
In base 14, what is ba9304 + 3?
ba9307
In base 6, what is 1211201414 - -142?
1211202000
In base 13, what is 5c96 + -714?
5582
In base 5, what is 23234444403 - -2?
23234444410
In base 6, what is -5545511 + 13?
-5545454
In base 11, what is a39 + -6195?
-5257
In base 11, what is -130224987 - -3?
-130224984
In base 4, what is 121312022313 - 110?
121312022203
In base 10, what is 19402 + -188?
19214
In base 7, what is -31 + -1015340?
-1015401
In base 4, what is 123313303 + 302?
123320211
In base 6, what is 344 - 54244?
-53500
In base 8, what is -124 + 21474537?
21474413
In base 11, what is 465 - 20091?
-1a727
In base 5, what is 413240001302 + 1?
413240001303
In base 11, what is -1a5070 + 9?
-1a5062
In base 11, what is -7 - 164945?
-164951
In base 7, what is 125 + 46214434?
46214562
In base 11, what is -228 - 58?
-285
In base 14, what is 9d7d + -186?
9bd7
In base 6, what is 1 - 223205345?
-223205344
In base 11, what is -5a27 - -138a4?
8978
In base 6, what is -35013453 - 1224?
